{"id":425771,"date":"2024-06-06T13:38:01","date_gmt":"2024-06-06T17:38:01","guid":{"rendered":"https:\/\/www.catalyst.org\/?post_type=research_element&#038;p=425771"},"modified":"2024-06-06T13:38:01","modified_gmt":"2024-06-06T17:38:01","slug":"synthese-lactivisme-des-pdg","status":"publish","type":"research_element","link":"https:\/\/classic.catalyst.org\/fr\/research\/synthese-lactivisme-des-pdg\/","title":{"rendered":"Synthese lactivisme des pdg"},"content":{"rendered":"<p>Les PDG et les leaders s&#8217;expriment et prennent des mesures concernant les probl\u00e8mes sociaux, notamment ceux qui ont trait \u00e0 la race, au genre et \u00e0 l&#8217;immigration.<\/p>\n<div class=\"infogram-embed\">\n<div class=\"su-row\">\n  <div class=\"su-column su-column-size-1-2\"><div class=\"su-column-inner su-u-clearfix su-u-trim\">\n<p style=\"text-align: left;\"><a class=\"rebutton\" style=\"text-decoration: none!important; color: #fff!important; font-size: 18px!important;\" href=\"https:\/\/www.catalyst.org\/wp-content\/uploads\/2024\/06\/Catalyst_CEO-Activism-FR.pdf\">French PDF<\/a><\/p>\n<\/div><\/div><div class=\"su-column su-column-size-1-2\"><div class=\"su-column-inner su-u-clearfix su-u-trim\">\n<p style=\"text-align: right;\"><a class=\"rebutton\" style=\"text-decoration: none!important; color: #fff!important; font-size: 18px!important;\" href=\"https:\/\/www.catalyst.org\/wp-content\/uploads\/2024\/06\/Catalyst_CEO-Activism-FR-CA.pdf\">Canadian French PDF<\/a><\/p>\n<\/div><\/div>\n<\/div>\n<\/p><\/div>\n","protected":false},"excerpt":{"rendered":"<p>Les PDG et les leaders s&#8217;expriment et prennent des mesures concernant les probl\u00e8mes sociaux, notamment ceux qui ont trait \u00e0 la race, au genre et \u00e0 l&#8217;immigration.<\/p>\n","protected":false},"author":9,"featured_media":0,"template":"","tags":[],"language":[25,26],"campaign":[],"class_list":["post-425771","research_element","type-research_element","status-publish","hentry","topics-dei-messaging","topics-future-of-work","topics-recruitment-retention","region-europe","region-global","region-united-states","research_type-trend-brief","language-english","language-french"],"acf":[],"yoast_head":"<!-- This site is optimized with the Yoast SEO Premium plugin v22.8 (Yoast SEO v23.9) - https:\/\/yoast.com\/wordpress\/plugins\/seo\/ -->\n<title>Synthese lactivisme des pdg<\/title>\n<meta name=\"description\" content=\"Les PDG et les leaders s&#039;expriment et prennent des mesures concernant les probl\u00e8mes sociaux, notamment ceux qui ont trait \u00e0 la race, au genre et \u00e0 l&#039;immigration.\" \/>\n<meta name=\"robots\" content=\"noindex, follow, max-snippet:-1, max-image-preview:large, max-video-preview:-1\" \/>\n<meta property=\"og:locale\" content=\"fr_FR\" \/>\n<meta property=\"og:type\" content=\"article\" \/>\n<meta property=\"og:title\" content=\"Synthese lactivisme des pdg\" \/>\n<meta property=\"og:description\" content=\"Les PDG et les leaders s&#039;expriment et prennent des mesures concernant les probl\u00e8mes sociaux, notamment ceux qui ont trait \u00e0 la race, au genre et \u00e0 l&#039;immigration.\" \/>\n<meta property=\"og:url\" content=\"https:\/\/classic.catalyst.org\/fr\/research\/synthese-lactivisme-des-pdg\/\" \/>\n<meta property=\"og:site_name\" content=\"Catalyst\" \/>\n<meta property=\"article:publisher\" content=\"https:\/\/www.facebook.com\/catalystinc\/\" \/>\n<meta property=\"og:image\" content=\"https:\/\/classic.catalyst.org\/wp-content\/uploads\/2019\/03\/Catalyst-Logo-1200x630.png\" \/>\n\t<meta property=\"og:image:width\" content=\"1200\" \/>\n\t<meta property=\"og:image:height\" content=\"630\" \/>\n\t<meta property=\"og:image:type\" content=\"image\/png\" \/>\n<meta name=\"twitter:card\" content=\"summary_large_image\" \/>\n<meta name=\"twitter:site\" content=\"@CatalystInc\" \/>\n<script type=\"application\/ld+json\" class=\"yoast-schema-graph\">{\"@context\":\"https:\/\/schema.org\",\"@graph\":[{\"@type\":\"WebPage\",\"@id\":\"https:\/\/classic.catalyst.org\/fr\/research\/synthese-lactivisme-des-pdg\/\",\"url\":\"https:\/\/classic.catalyst.org\/fr\/research\/synthese-lactivisme-des-pdg\/\",\"name\":\"Synthese lactivisme des pdg\",\"isPartOf\":{\"@id\":\"https:\/\/classic.catalyst.org\/fr\/#website\"},\"datePublished\":\"2024-06-06T17:38:01+00:00\",\"dateModified\":\"2024-06-06T17:38:01+00:00\",\"description\":\"Les PDG et les leaders s'expriment et prennent des mesures concernant les probl\u00e8mes sociaux, notamment ceux qui ont trait \u00e0 la race, au genre et \u00e0 l'immigration.\",\"breadcrumb\":{\"@id\":\"https:\/\/classic.catalyst.org\/fr\/research\/synthese-lactivisme-des-pdg\/#breadcrumb\"},\"inLanguage\":\"fr-FR\",\"potentialAction\":[{\"@type\":\"ReadAction\",\"target\":[\"https:\/\/classic.catalyst.org\/fr\/research\/synthese-lactivisme-des-pdg\/\"]}]},{\"@type\":\"BreadcrumbList\",\"@id\":\"https:\/\/classic.catalyst.org\/fr\/research\/synthese-lactivisme-des-pdg\/#breadcrumb\",\"itemListElement\":[{\"@type\":\"ListItem\",\"position\":1,\"name\":\"Home\",\"item\":\"https:\/\/classic.catalyst.org\/fr\/\"},{\"@type\":\"ListItem\",\"position\":2,\"name\":\"Research Elements\",\"item\":\"https:\/\/classic.catalyst.org\/fr\/research\/\"},{\"@type\":\"ListItem\",\"position\":3,\"name\":\"Synthese lactivisme des pdg\"}]},{\"@type\":\"WebSite\",\"@id\":\"https:\/\/classic.catalyst.org\/fr\/#website\",\"url\":\"https:\/\/classic.catalyst.org\/fr\/\",\"name\":\"Catalyst\",\"description\":\"Catalyst, a global nonprofit organization, helps build workplaces that work for women with preeminent thought leadership and actionable solutions.\",\"publisher\":{\"@id\":\"https:\/\/classic.catalyst.org\/fr\/#organization\"},\"potentialAction\":[{\"@type\":\"SearchAction\",\"target\":{\"@type\":\"EntryPoint\",\"urlTemplate\":\"https:\/\/classic.catalyst.org\/fr\/?s={search_term_string}\"},\"query-input\":{\"@type\":\"PropertyValueSpecification\",\"valueRequired\":true,\"valueName\":\"search_term_string\"}}],\"inLanguage\":\"fr-FR\"},{\"@type\":\"Organization\",\"@id\":\"https:\/\/classic.catalyst.org\/fr\/#organization\",\"name\":\"Catalyst Inc.\",\"alternateName\":\"Catalyst\",\"url\":\"https:\/\/classic.catalyst.org\/fr\/\",\"logo\":{\"@type\":\"ImageObject\",\"inLanguage\":\"fr-FR\",\"@id\":\"https:\/\/classic.catalyst.org\/fr\/#\/schema\/logo\/image\/\",\"url\":\"https:\/\/www.catalyst.org\/wp-content\/uploads\/2019\/03\/Catalyst-Logo-1200x630.png\",\"contentUrl\":\"https:\/\/www.catalyst.org\/wp-content\/uploads\/2019\/03\/Catalyst-Logo-1200x630.png\",\"width\":1200,\"height\":630,\"caption\":\"Catalyst Inc.\"},\"image\":{\"@id\":\"https:\/\/classic.catalyst.org\/fr\/#\/schema\/logo\/image\/\"},\"sameAs\":[\"https:\/\/www.facebook.com\/catalystinc\/\",\"https:\/\/x.com\/CatalystInc\",\"https:\/\/www.instagram.com\/catalystinc\/\",\"https:\/\/www.linkedin.com\/company\/catalystinc\/\",\"https:\/\/www.youtube.com\/user\/CatalystClips\",\"https:\/\/en.wikipedia.org\/wiki\/Catalyst_(nonprofit_organization)\"],\"description\":\"Catalyst is a global nonprofit supported by many of the world\u2019s most powerful CEOs and leading companies to help build workplaces that work for women.\",\"email\":\"info@catalyst.org\",\"telephone\":\"212-514-7600\",\"legalName\":\"Catalyst Inc.\",\"foundingDate\":\"1962-01-01\",\"numberOfEmployees\":{\"@type\":\"QuantitativeValue\",\"minValue\":\"51\",\"maxValue\":\"200\"}}]}<\/script>\n<!-- \/ Yoast SEO Premium plugin. -->","yoast_head_json":{"title":"Synthese lactivisme des pdg","description":"Les PDG et les leaders s'expriment et prennent des mesures concernant les probl\u00e8mes sociaux, notamment ceux qui ont trait \u00e0 la race, au genre et \u00e0 l'immigration.","robots":{"index":"noindex","follow":"follow","max-snippet":"max-snippet:-1","max-image-preview":"max-image-preview:large","max-video-preview":"max-video-preview:-1"},"og_locale":"fr_FR","og_type":"article","og_title":"Synthese lactivisme des pdg","og_description":"Les PDG et les leaders s'expriment et prennent des mesures concernant les probl\u00e8mes sociaux, notamment ceux qui ont trait \u00e0 la race, au genre et \u00e0 l'immigration.","og_url":"https:\/\/classic.catalyst.org\/fr\/research\/synthese-lactivisme-des-pdg\/","og_site_name":"Catalyst","article_publisher":"https:\/\/www.facebook.com\/catalystinc\/","og_image":[{"width":1200,"height":630,"url":"https:\/\/classic.catalyst.org\/wp-content\/uploads\/2019\/03\/Catalyst-Logo-1200x630.png","type":"image\/png"}],"twitter_card":"summary_large_image","twitter_site":"@CatalystInc","schema":{"@context":"https:\/\/schema.org","@graph":[{"@type":"WebPage","@id":"https:\/\/classic.catalyst.org\/fr\/research\/synthese-lactivisme-des-pdg\/","url":"https:\/\/classic.catalyst.org\/fr\/research\/synthese-lactivisme-des-pdg\/","name":"Synthese lactivisme des pdg","isPartOf":{"@id":"https:\/\/classic.catalyst.org\/fr\/#website"},"datePublished":"2024-06-06T17:38:01+00:00","dateModified":"2024-06-06T17:38:01+00:00","description":"Les PDG et les leaders s'expriment et prennent des mesures concernant les probl\u00e8mes sociaux, notamment ceux qui ont trait \u00e0 la race, au genre et \u00e0 l'immigration.","breadcrumb":{"@id":"https:\/\/classic.catalyst.org\/fr\/research\/synthese-lactivisme-des-pdg\/#breadcrumb"},"inLanguage":"fr-FR","potentialAction":[{"@type":"ReadAction","target":["https:\/\/classic.catalyst.org\/fr\/research\/synthese-lactivisme-des-pdg\/"]}]},{"@type":"BreadcrumbList","@id":"https:\/\/classic.catalyst.org\/fr\/research\/synthese-lactivisme-des-pdg\/#breadcrumb","itemListElement":[{"@type":"ListItem","position":1,"name":"Home","item":"https:\/\/classic.catalyst.org\/fr\/"},{"@type":"ListItem","position":2,"name":"Research Elements","item":"https:\/\/classic.catalyst.org\/fr\/research\/"},{"@type":"ListItem","position":3,"name":"Synthese lactivisme des pdg"}]},{"@type":"WebSite","@id":"https:\/\/classic.catalyst.org\/fr\/#website","url":"https:\/\/classic.catalyst.org\/fr\/","name":"Catalyst","description":"Catalyst, a global nonprofit organization, helps build workplaces that work for women with preeminent thought leadership and actionable solutions.","publisher":{"@id":"https:\/\/classic.catalyst.org\/fr\/#organization"},"potentialAction":[{"@type":"SearchAction","target":{"@type":"EntryPoint","urlTemplate":"https:\/\/classic.catalyst.org\/fr\/?s={search_term_string}"},"query-input":{"@type":"PropertyValueSpecification","valueRequired":true,"valueName":"search_term_string"}}],"inLanguage":"fr-FR"},{"@type":"Organization","@id":"https:\/\/classic.catalyst.org\/fr\/#organization","name":"Catalyst Inc.","alternateName":"Catalyst","url":"https:\/\/classic.catalyst.org\/fr\/","logo":{"@type":"ImageObject","inLanguage":"fr-FR","@id":"https:\/\/classic.catalyst.org\/fr\/#\/schema\/logo\/image\/","url":"https:\/\/www.catalyst.org\/wp-content\/uploads\/2019\/03\/Catalyst-Logo-1200x630.png","contentUrl":"https:\/\/www.catalyst.org\/wp-content\/uploads\/2019\/03\/Catalyst-Logo-1200x630.png","width":1200,"height":630,"caption":"Catalyst Inc."},"image":{"@id":"https:\/\/classic.catalyst.org\/fr\/#\/schema\/logo\/image\/"},"sameAs":["https:\/\/www.facebook.com\/catalystinc\/","https:\/\/x.com\/CatalystInc","https:\/\/www.instagram.com\/catalystinc\/","https:\/\/www.linkedin.com\/company\/catalystinc\/","https:\/\/www.youtube.com\/user\/CatalystClips","https:\/\/en.wikipedia.org\/wiki\/Catalyst_(nonprofit_organization)"],"description":"Catalyst is a global nonprofit supported by many of the world\u2019s most powerful CEOs and leading companies to help build workplaces that work for women.","email":"info@catalyst.org","telephone":"212-514-7600","legalName":"Catalyst Inc.","foundingDate":"1962-01-01","numberOfEmployees":{"@type":"QuantitativeValue","minValue":"51","maxValue":"200"}}]}},"_links":{"self":[{"href":"https:\/\/classic.catalyst.org\/fr\/wp-json\/wp\/v2\/research_element\/425771","targetHints":{"allow":["GET","POST","PUT","PATCH","DELETE"]}}],"collection":[{"href":"https:\/\/classic.catalyst.org\/fr\/wp-json\/wp\/v2\/research_element"}],"about":[{"href":"https:\/\/classic.catalyst.org\/fr\/wp-json\/wp\/v2\/types\/research_element"}],"author":[{"embeddable":true,"href":"https:\/\/classic.catalyst.org\/fr\/wp-json\/wp\/v2\/users\/9"}],"wp:attachment":[{"href":"https:\/\/classic.catalyst.org\/fr\/wp-json\/wp\/v2\/media?parent=425771"}],"wp:term":[{"taxonomy":"post_tag","embeddable":true,"href":"https:\/\/classic.catalyst.org\/fr\/wp-json\/wp\/v2\/tags?post=425771"},{"taxonomy":"language","embeddable":true,"href":"https:\/\/classic.catalyst.org\/fr\/wp-json\/wp\/v2\/language?post=425771"},{"taxonomy":"campaign","embeddable":true,"href":"https:\/\/classic.catalyst.org\/fr\/wp-json\/wp\/v2\/campaign?post=425771"}],"curies":[{"name":"wp","href":"https:\/\/api.w.org\/{rel}","templated":true}]}}

<p>Les PDG et les leaders s&#8217;expriment et prennent des mesures concernant les problèmes sociaux, notamment ceux qui ont trait à la race, au genre et à l&#8217;immigration.</p>
<div class="infogram-embed">
<div class="su-row">
  <div class="su-column su-column-size-1-2"><div class="su-column-inner su-u-clearfix su-u-trim">
<p style="text-align: left;"><a class="rebutton" style="text-decoration: none!important; color: #fff!important; font-size: 18px!important;" href="https://www.catalyst.org/wp-content/uploads/2024/06/Catalyst_CEO-Activism-FR.pdf">French PDF</a></p>
</div></div><div class="su-column su-column-size-1-2"><div class="su-column-inner su-u-clearfix su-u-trim">
<p style="text-align: right;"><a class="rebutton" style="text-decoration: none!important; color: #fff!important; font-size: 18px!important;" href="https://www.catalyst.org/wp-content/uploads/2024/06/Catalyst_CEO-Activism-FR-CA.pdf">Canadian French PDF</a></p>
</div></div>
</div>
</p></div>

<p>Les PDG et les leaders s&#8217;expriment et prennent des mesures concernant les problèmes sociaux, notamment ceux qui ont trait à la race, au genre et à l&#8217;immigration.</p>

<!-- This site is optimized with the Yoast SEO Premium plugin v22.8 (Yoast SEO v23.9) - https://yoast.com/wordpress/plugins/seo/ -->
<title>Synthese lactivisme des pdg</title>
<meta name="description" content="Les PDG et les leaders s&#039;expriment et prennent des mesures concernant les problèmes sociaux, notamment ceux qui ont trait à la race, au genre et à l&#039;immigration." />
<meta name="robots" content="noindex, follow, max-snippet:-1, max-image-preview:large, max-video-preview:-1" />
<meta property="og:locale" content="fr_FR" />
<meta property="og:type" content="article" />
<meta property="og:title" content="Synthese lactivisme des pdg" />
<meta property="og:description" content="Les PDG et les leaders s&#039;expriment et prennent des mesures concernant les problèmes sociaux, notamment ceux qui ont trait à la race, au genre et à l&#039;immigration." />
<meta property="og:url" content="https://classic.catalyst.org/fr/research/synthese-lactivisme-des-pdg/" />
<meta property="og:site_name" content="Catalyst" />
<meta property="article:publisher" content="https://www.facebook.com/catalystinc/" />
<meta property="og:image" content="https://classic.catalyst.org/wp-content/uploads/2019/03/Catalyst-Logo-1200x630.png" />
	<meta property="og:image:width" content="1200" />
	<meta property="og:image:height" content="630" />
	<meta property="og:image:type" content="image/png" />
<meta name="twitter:card" content="summary_large_image" />
<meta name="twitter:site" content="@CatalystInc" />
<script type="application/ld+json" class="yoast-schema-graph">{"@context":"https://schema.org","@graph":[{"@type":"WebPage","@id":"https://classic.catalyst.org/fr/research/synthese-lactivisme-des-pdg/","url":"https://classic.catalyst.org/fr/research/synthese-lactivisme-des-pdg/","name":"Synthese lactivisme des pdg","isPartOf":{"@id":"https://classic.catalyst.org/fr/#website"},"datePublished":"2024-06-06T17:38:01+00:00","dateModified":"2024-06-06T17:38:01+00:00","description":"Les PDG et les leaders s'expriment et prennent des mesures concernant les problèmes sociaux, notamment ceux qui ont trait à la race, au genre et à l'immigration.","breadcrumb":{"@id":"https://classic.catalyst.org/fr/research/synthese-lactivisme-des-pdg/#breadcrumb"},"inLanguage":"fr-FR","potentialAction":[{"@type":"ReadAction","target":["https://classic.catalyst.org/fr/research/synthese-lactivisme-des-pdg/"]}]},{"@type":"BreadcrumbList","@id":"https://classic.catalyst.org/fr/research/synthese-lactivisme-des-pdg/#breadcrumb","itemListElement":[{"@type":"ListItem","position":1,"name":"Home","item":"https://classic.catalyst.org/fr/"},{"@type":"ListItem","position":2,"name":"Research Elements","item":"https://classic.catalyst.org/fr/research/"},{"@type":"ListItem","position":3,"name":"Synthese lactivisme des pdg"}]},{"@type":"WebSite","@id":"https://classic.catalyst.org/fr/#website","url":"https://classic.catalyst.org/fr/","name":"Catalyst","description":"Catalyst, a global nonprofit organization, helps build workplaces that work for women with preeminent thought leadership and actionable solutions.","publisher":{"@id":"https://classic.catalyst.org/fr/#organization"},"potentialAction":[{"@type":"SearchAction","target":{"@type":"EntryPoint","urlTemplate":"https://classic.catalyst.org/fr/?s={search_term_string}"},"query-input":{"@type":"PropertyValueSpecification","valueRequired":true,"valueName":"search_term_string"}}],"inLanguage":"fr-FR"},{"@type":"Organization","@id":"https://classic.catalyst.org/fr/#organization","name":"Catalyst Inc.","alternateName":"Catalyst","url":"https://classic.catalyst.org/fr/","logo":{"@type":"ImageObject","inLanguage":"fr-FR","@id":"https://classic.catalyst.org/fr/#/schema/logo/image/","url":"https://www.catalyst.org/wp-content/uploads/2019/03/Catalyst-Logo-1200x630.png","contentUrl":"https://www.catalyst.org/wp-content/uploads/2019/03/Catalyst-Logo-1200x630.png","width":1200,"height":630,"caption":"Catalyst Inc."},"image":{"@id":"https://classic.catalyst.org/fr/#/schema/logo/image/"},"sameAs":["https://www.facebook.com/catalystinc/","https://x.com/CatalystInc","https://www.instagram.com/catalystinc/","https://www.linkedin.com/company/catalystinc/","https://www.youtube.com/user/CatalystClips","https://en.wikipedia.org/wiki/Catalyst_(nonprofit_organization)"],"description":"Catalyst is a global nonprofit supported by many of the world’s most powerful CEOs and leading companies to help build workplaces that work for women.","email":"info@catalyst.org","telephone":"212-514-7600","legalName":"Catalyst Inc.","foundingDate":"1962-01-01","numberOfEmployees":{"@type":"QuantitativeValue","minValue":"51","maxValue":"200"}}]}</script>
<!-- / Yoast SEO Premium plugin. -->

Les PDG et les leaders s'expriment et prennent des mesures concernant les problèmes sociaux, notamment ceux qui ont trait à la race, au genre et à l'immigration.
