{"id":79294,"date":"2021-05-26T12:07:01","date_gmt":"2021-05-26T16:07:01","guid":{"rendered":"https:\/\/www.catalyst.org\/?post_type=research_element&#038;p=79294"},"modified":"2023-04-14T10:43:28","modified_gmt":"2023-04-14T14:43:28","slug":"sensibilidad-cultural-lugares-trabajo-globales","status":"publish","type":"research_element","link":"https:\/\/classic.catalyst.org\/es\/research\/sensibilidad-cultural-lugares-trabajo-globales\/","title":{"rendered":"Sensibilidad Cultural en Lugares de Trabajo Globales: Cambio de libreto (Infografia)"},"content":{"rendered":"<p>Muchos de nosotros trabajamos con colegas de diferentes or\u00edgenes nacionales, \u00e9tnicos, raciales y religiosos, especialmente a medida que las compa\u00f1\u00edas y los equipos se vuelven m\u00e1s globales, y la fuerza laboral se vuelve m\u00e1s m\u00f3vil. Si bien llegamos a conocer mejor a nuestros colegas, es imperativo no insultar ni menospreciar su herencia e historia, lo que podr\u00eda provocar alg\u00fan tipo de microagresi\u00f3n involuntaria1. Si nos educamos a nosotros mismos y a los miembros del equipo en el lenguaje inclusivo, podemos evitar los estereotipos, los insultos, las suposiciones y la informaci\u00f3n err\u00f3nea.<\/p>\n","protected":false},"excerpt":{"rendered":"<p>Muchos de nosotros trabajamos con colegas de diferentes or\u00edgenes nacionales, \u00e9tnicos, raciales y religiosos, especialmente a medida que las compa\u00f1\u00edas y los equipos se vuelven m\u00e1s globales, y la fuerza [&hellip;]<\/p>\n","protected":false},"author":10,"featured_media":116925,"template":"","tags":[15746,15740],"language":[],"campaign":[],"class_list":["post-79294","research_element","type-research_element","status-publish","has-post-thumbnail","hentry","tag-flip-the-script-es","tag-supporter-only-es","topics-inclusive-communications","region-global","research_type-infographic"],"acf":[],"yoast_head":"<!-- This site is optimized with the Yoast SEO Premium plugin v22.8 (Yoast SEO v23.9) - https:\/\/yoast.com\/wordpress\/plugins\/seo\/ -->\n<title>Sensibilidad Cultural en Lugares de Trabajo Globales: Cambio de libreto (Infografia)<\/title>\n<meta name=\"description\" content=\"Muchos de nosotros trabajamos con colegas de diferentes or\u00edgenes nacionales, \u00e9tnicos, raciales y religiosos, especialmente a medida que las compa\u00f1\u00edas y\" \/>\n<meta name=\"robots\" content=\"noindex, follow, max-snippet:-1, max-image-preview:large, max-video-preview:-1\" \/>\n<meta property=\"og:locale\" content=\"es_ES\" \/>\n<meta property=\"og:type\" content=\"article\" \/>\n<meta property=\"og:title\" content=\"Sensibilidad Cultural en Lugares de Trabajo Globales: Cambio de libreto (Infografia)\" \/>\n<meta property=\"og:description\" content=\"Muchos de nosotros trabajamos con colegas de diferentes or\u00edgenes nacionales, \u00e9tnicos, raciales y religiosos, especialmente a medida que las compa\u00f1\u00edas y\" \/>\n<meta property=\"og:url\" content=\"https:\/\/classic.catalyst.org\/es\/research\/sensibilidad-cultural-lugares-trabajo-globales\/\" \/>\n<meta property=\"og:site_name\" content=\"Catalyst\" \/>\n<meta property=\"article:publisher\" content=\"https:\/\/www.facebook.com\/catalystinc\/\" \/>\n<meta property=\"article:modified_time\" content=\"2023-04-14T14:43:28+00:00\" \/>\n<meta property=\"og:image\" content=\"https:\/\/classic.catalyst.org\/wp-content\/uploads\/2022\/03\/fts_spanish_1200x675.png\" \/>\n\t<meta property=\"og:image:width\" content=\"1200\" \/>\n\t<meta property=\"og:image:height\" content=\"675\" \/>\n\t<meta property=\"og:image:type\" content=\"image\/png\" \/>\n<meta name=\"twitter:card\" content=\"summary_large_image\" \/>\n<meta name=\"twitter:site\" content=\"@CatalystInc\" \/>\n<meta name=\"twitter:label1\" content=\"Est. reading time\" \/>\n\t<meta name=\"twitter:data1\" content=\"1 minute\" \/>\n<script type=\"application\/ld+json\" class=\"yoast-schema-graph\">{\"@context\":\"https:\/\/schema.org\",\"@graph\":[{\"@type\":\"WebPage\",\"@id\":\"https:\/\/classic.catalyst.org\/es\/research\/sensibilidad-cultural-lugares-trabajo-globales\/\",\"url\":\"https:\/\/classic.catalyst.org\/es\/research\/sensibilidad-cultural-lugares-trabajo-globales\/\",\"name\":\"Sensibilidad Cultural en Lugares de Trabajo Globales: Cambio de libreto (Infografia)\",\"isPartOf\":{\"@id\":\"https:\/\/classic.catalyst.org\/es\/#website\"},\"primaryImageOfPage\":{\"@id\":\"https:\/\/classic.catalyst.org\/es\/research\/sensibilidad-cultural-lugares-trabajo-globales\/#primaryimage\"},\"image\":{\"@id\":\"https:\/\/classic.catalyst.org\/es\/research\/sensibilidad-cultural-lugares-trabajo-globales\/#primaryimage\"},\"thumbnailUrl\":\"https:\/\/classic.catalyst.org\/wp-content\/uploads\/2022\/03\/fts_spanish_1200x675.png\",\"datePublished\":\"2021-05-26T16:07:01+00:00\",\"dateModified\":\"2023-04-14T14:43:28+00:00\",\"description\":\"Muchos de nosotros trabajamos con colegas de diferentes or\u00edgenes nacionales, \u00e9tnicos, raciales y religiosos, especialmente a medida que las compa\u00f1\u00edas y\",\"breadcrumb\":{\"@id\":\"https:\/\/classic.catalyst.org\/es\/research\/sensibilidad-cultural-lugares-trabajo-globales\/#breadcrumb\"},\"inLanguage\":\"es-ES\",\"potentialAction\":[{\"@type\":\"ReadAction\",\"target\":[\"https:\/\/classic.catalyst.org\/es\/research\/sensibilidad-cultural-lugares-trabajo-globales\/\"]}]},{\"@type\":\"ImageObject\",\"inLanguage\":\"es-ES\",\"@id\":\"https:\/\/classic.catalyst.org\/es\/research\/sensibilidad-cultural-lugares-trabajo-globales\/#primaryimage\",\"url\":\"https:\/\/classic.catalyst.org\/wp-content\/uploads\/2022\/03\/fts_spanish_1200x675.png\",\"contentUrl\":\"https:\/\/classic.catalyst.org\/wp-content\/uploads\/2022\/03\/fts_spanish_1200x675.png\",\"width\":1200,\"height\":675},{\"@type\":\"BreadcrumbList\",\"@id\":\"https:\/\/classic.catalyst.org\/es\/research\/sensibilidad-cultural-lugares-trabajo-globales\/#breadcrumb\",\"itemListElement\":[{\"@type\":\"ListItem\",\"position\":1,\"name\":\"Home\",\"item\":\"https:\/\/classic.catalyst.org\/es\/\"},{\"@type\":\"ListItem\",\"position\":2,\"name\":\"Research Elements\",\"item\":\"https:\/\/classic.catalyst.org\/es\/research\/\"},{\"@type\":\"ListItem\",\"position\":3,\"name\":\"Sensibilidad Cultural en Lugares de Trabajo Globales: Cambio de libreto (Infografia)\"}]},{\"@type\":\"WebSite\",\"@id\":\"https:\/\/classic.catalyst.org\/es\/#website\",\"url\":\"https:\/\/classic.catalyst.org\/es\/\",\"name\":\"Catalyst\",\"description\":\"Catalyst, a global nonprofit organization, helps build workplaces that work for women with preeminent thought leadership and actionable solutions.\",\"publisher\":{\"@id\":\"https:\/\/classic.catalyst.org\/es\/#organization\"},\"potentialAction\":[{\"@type\":\"SearchAction\",\"target\":{\"@type\":\"EntryPoint\",\"urlTemplate\":\"https:\/\/classic.catalyst.org\/es\/?s={search_term_string}\"},\"query-input\":{\"@type\":\"PropertyValueSpecification\",\"valueRequired\":true,\"valueName\":\"search_term_string\"}}],\"inLanguage\":\"es-ES\"},{\"@type\":\"Organization\",\"@id\":\"https:\/\/classic.catalyst.org\/es\/#organization\",\"name\":\"Catalyst Inc.\",\"alternateName\":\"Catalyst\",\"url\":\"https:\/\/classic.catalyst.org\/es\/\",\"logo\":{\"@type\":\"ImageObject\",\"inLanguage\":\"es-ES\",\"@id\":\"https:\/\/classic.catalyst.org\/es\/#\/schema\/logo\/image\/\",\"url\":\"https:\/\/www.catalyst.org\/wp-content\/uploads\/2019\/03\/Catalyst-Logo-1200x630.png\",\"contentUrl\":\"https:\/\/www.catalyst.org\/wp-content\/uploads\/2019\/03\/Catalyst-Logo-1200x630.png\",\"width\":1200,\"height\":630,\"caption\":\"Catalyst Inc.\"},\"image\":{\"@id\":\"https:\/\/classic.catalyst.org\/es\/#\/schema\/logo\/image\/\"},\"sameAs\":[\"https:\/\/www.facebook.com\/catalystinc\/\",\"https:\/\/x.com\/CatalystInc\",\"https:\/\/www.instagram.com\/catalystinc\/\",\"https:\/\/www.linkedin.com\/company\/catalystinc\/\",\"https:\/\/www.youtube.com\/user\/CatalystClips\",\"https:\/\/en.wikipedia.org\/wiki\/Catalyst_(nonprofit_organization)\"],\"description\":\"Catalyst is a global nonprofit supported by many of the world\u2019s most powerful CEOs and leading companies to help build workplaces that work for women.\",\"email\":\"info@catalyst.org\",\"telephone\":\"212-514-7600\",\"legalName\":\"Catalyst Inc.\",\"foundingDate\":\"1962-01-01\",\"numberOfEmployees\":{\"@type\":\"QuantitativeValue\",\"minValue\":\"51\",\"maxValue\":\"200\"}}]}<\/script>\n<!-- \/ Yoast SEO Premium plugin. -->","yoast_head_json":{"title":"Sensibilidad Cultural en Lugares de Trabajo Globales: Cambio de libreto (Infografia)","description":"Muchos de nosotros trabajamos con colegas de diferentes or\u00edgenes nacionales, \u00e9tnicos, raciales y religiosos, especialmente a medida que las compa\u00f1\u00edas y","robots":{"index":"noindex","follow":"follow","max-snippet":"max-snippet:-1","max-image-preview":"max-image-preview:large","max-video-preview":"max-video-preview:-1"},"og_locale":"es_ES","og_type":"article","og_title":"Sensibilidad Cultural en Lugares de Trabajo Globales: Cambio de libreto (Infografia)","og_description":"Muchos de nosotros trabajamos con colegas de diferentes or\u00edgenes nacionales, \u00e9tnicos, raciales y religiosos, especialmente a medida que las compa\u00f1\u00edas y","og_url":"https:\/\/classic.catalyst.org\/es\/research\/sensibilidad-cultural-lugares-trabajo-globales\/","og_site_name":"Catalyst","article_publisher":"https:\/\/www.facebook.com\/catalystinc\/","article_modified_time":"2023-04-14T14:43:28+00:00","og_image":[{"width":1200,"height":675,"url":"https:\/\/classic.catalyst.org\/wp-content\/uploads\/2022\/03\/fts_spanish_1200x675.png","type":"image\/png"}],"twitter_card":"summary_large_image","twitter_site":"@CatalystInc","twitter_misc":{"Est. reading time":"1 minute"},"schema":{"@context":"https:\/\/schema.org","@graph":[{"@type":"WebPage","@id":"https:\/\/classic.catalyst.org\/es\/research\/sensibilidad-cultural-lugares-trabajo-globales\/","url":"https:\/\/classic.catalyst.org\/es\/research\/sensibilidad-cultural-lugares-trabajo-globales\/","name":"Sensibilidad Cultural en Lugares de Trabajo Globales: Cambio de libreto (Infografia)","isPartOf":{"@id":"https:\/\/classic.catalyst.org\/es\/#website"},"primaryImageOfPage":{"@id":"https:\/\/classic.catalyst.org\/es\/research\/sensibilidad-cultural-lugares-trabajo-globales\/#primaryimage"},"image":{"@id":"https:\/\/classic.catalyst.org\/es\/research\/sensibilidad-cultural-lugares-trabajo-globales\/#primaryimage"},"thumbnailUrl":"https:\/\/classic.catalyst.org\/wp-content\/uploads\/2022\/03\/fts_spanish_1200x675.png","datePublished":"2021-05-26T16:07:01+00:00","dateModified":"2023-04-14T14:43:28+00:00","description":"Muchos de nosotros trabajamos con colegas de diferentes or\u00edgenes nacionales, \u00e9tnicos, raciales y religiosos, especialmente a medida que las compa\u00f1\u00edas y","breadcrumb":{"@id":"https:\/\/classic.catalyst.org\/es\/research\/sensibilidad-cultural-lugares-trabajo-globales\/#breadcrumb"},"inLanguage":"es-ES","potentialAction":[{"@type":"ReadAction","target":["https:\/\/classic.catalyst.org\/es\/research\/sensibilidad-cultural-lugares-trabajo-globales\/"]}]},{"@type":"ImageObject","inLanguage":"es-ES","@id":"https:\/\/classic.catalyst.org\/es\/research\/sensibilidad-cultural-lugares-trabajo-globales\/#primaryimage","url":"https:\/\/classic.catalyst.org\/wp-content\/uploads\/2022\/03\/fts_spanish_1200x675.png","contentUrl":"https:\/\/classic.catalyst.org\/wp-content\/uploads\/2022\/03\/fts_spanish_1200x675.png","width":1200,"height":675},{"@type":"BreadcrumbList","@id":"https:\/\/classic.catalyst.org\/es\/research\/sensibilidad-cultural-lugares-trabajo-globales\/#breadcrumb","itemListElement":[{"@type":"ListItem","position":1,"name":"Home","item":"https:\/\/classic.catalyst.org\/es\/"},{"@type":"ListItem","position":2,"name":"Research Elements","item":"https:\/\/classic.catalyst.org\/es\/research\/"},{"@type":"ListItem","position":3,"name":"Sensibilidad Cultural en Lugares de Trabajo Globales: Cambio de libreto (Infografia)"}]},{"@type":"WebSite","@id":"https:\/\/classic.catalyst.org\/es\/#website","url":"https:\/\/classic.catalyst.org\/es\/","name":"Catalyst","description":"Catalyst, a global nonprofit organization, helps build workplaces that work for women with preeminent thought leadership and actionable solutions.","publisher":{"@id":"https:\/\/classic.catalyst.org\/es\/#organization"},"potentialAction":[{"@type":"SearchAction","target":{"@type":"EntryPoint","urlTemplate":"https:\/\/classic.catalyst.org\/es\/?s={search_term_string}"},"query-input":{"@type":"PropertyValueSpecification","valueRequired":true,"valueName":"search_term_string"}}],"inLanguage":"es-ES"},{"@type":"Organization","@id":"https:\/\/classic.catalyst.org\/es\/#organization","name":"Catalyst Inc.","alternateName":"Catalyst","url":"https:\/\/classic.catalyst.org\/es\/","logo":{"@type":"ImageObject","inLanguage":"es-ES","@id":"https:\/\/classic.catalyst.org\/es\/#\/schema\/logo\/image\/","url":"https:\/\/www.catalyst.org\/wp-content\/uploads\/2019\/03\/Catalyst-Logo-1200x630.png","contentUrl":"https:\/\/www.catalyst.org\/wp-content\/uploads\/2019\/03\/Catalyst-Logo-1200x630.png","width":1200,"height":630,"caption":"Catalyst Inc."},"image":{"@id":"https:\/\/classic.catalyst.org\/es\/#\/schema\/logo\/image\/"},"sameAs":["https:\/\/www.facebook.com\/catalystinc\/","https:\/\/x.com\/CatalystInc","https:\/\/www.instagram.com\/catalystinc\/","https:\/\/www.linkedin.com\/company\/catalystinc\/","https:\/\/www.youtube.com\/user\/CatalystClips","https:\/\/en.wikipedia.org\/wiki\/Catalyst_(nonprofit_organization)"],"description":"Catalyst is a global nonprofit supported by many of the world\u2019s most powerful CEOs and leading companies to help build workplaces that work for women.","email":"info@catalyst.org","telephone":"212-514-7600","legalName":"Catalyst Inc.","foundingDate":"1962-01-01","numberOfEmployees":{"@type":"QuantitativeValue","minValue":"51","maxValue":"200"}}]}},"_links":{"self":[{"href":"https:\/\/classic.catalyst.org\/es\/wp-json\/wp\/v2\/research_element\/79294","targetHints":{"allow":["GET","POST","PUT","PATCH","DELETE"]}}],"collection":[{"href":"https:\/\/classic.catalyst.org\/es\/wp-json\/wp\/v2\/research_element"}],"about":[{"href":"https:\/\/classic.catalyst.org\/es\/wp-json\/wp\/v2\/types\/research_element"}],"author":[{"embeddable":true,"href":"https:\/\/classic.catalyst.org\/es\/wp-json\/wp\/v2\/users\/10"}],"wp:featuredmedia":[{"embeddable":true,"href":"https:\/\/classic.catalyst.org\/es\/wp-json\/wp\/v2\/media\/116925"}],"wp:attachment":[{"href":"https:\/\/classic.catalyst.org\/es\/wp-json\/wp\/v2\/media?parent=79294"}],"wp:term":[{"taxonomy":"post_tag","embeddable":true,"href":"https:\/\/classic.catalyst.org\/es\/wp-json\/wp\/v2\/tags?post=79294"},{"taxonomy":"language","embeddable":true,"href":"https:\/\/classic.catalyst.org\/es\/wp-json\/wp\/v2\/language?post=79294"},{"taxonomy":"campaign","embeddable":true,"href":"https:\/\/classic.catalyst.org\/es\/wp-json\/wp\/v2\/campaign?post=79294"}],"curies":[{"name":"wp","href":"https:\/\/api.w.org\/{rel}","templated":true}]}}

<p>Muchos de nosotros trabajamos con colegas de diferentes orígenes nacionales, étnicos, raciales y religiosos, especialmente a medida que las compañías y los equipos se vuelven más globales, y la fuerza laboral se vuelve más móvil. Si bien llegamos a conocer mejor a nuestros colegas, es imperativo no insultar ni menospreciar su herencia e historia, lo que podría provocar algún tipo de microagresión involuntaria1. Si nos educamos a nosotros mismos y a los miembros del equipo en el lenguaje inclusivo, podemos evitar los estereotipos, los insultos, las suposiciones y la información errónea.</p>

<p>Muchos de nosotros trabajamos con colegas de diferentes orígenes nacionales, étnicos, raciales y religiosos, especialmente a medida que las compañías y los equipos se vuelven más globales, y la fuerza [&hellip;]</p>

<!-- This site is optimized with the Yoast SEO Premium plugin v22.8 (Yoast SEO v23.9) - https://yoast.com/wordpress/plugins/seo/ -->
<title>Sensibilidad Cultural en Lugares de Trabajo Globales: Cambio de libreto (Infografia)</title>
<meta name="description" content="Muchos de nosotros trabajamos con colegas de diferentes orígenes nacionales, étnicos, raciales y religiosos, especialmente a medida que las compañías y" />
<meta name="robots" content="noindex, follow, max-snippet:-1, max-image-preview:large, max-video-preview:-1" />
<meta property="og:locale" content="es_ES" />
<meta property="og:type" content="article" />
<meta property="og:title" content="Sensibilidad Cultural en Lugares de Trabajo Globales: Cambio de libreto (Infografia)" />
<meta property="og:description" content="Muchos de nosotros trabajamos con colegas de diferentes orígenes nacionales, étnicos, raciales y religiosos, especialmente a medida que las compañías y" />
<meta property="og:url" content="https://classic.catalyst.org/es/research/sensibilidad-cultural-lugares-trabajo-globales/" />
<meta property="og:site_name" content="Catalyst" />
<meta property="article:publisher" content="https://www.facebook.com/catalystinc/" />
<meta property="article:modified_time" content="2023-04-14T14:43:28+00:00" />
<meta property="og:image" content="https://classic.catalyst.org/wp-content/uploads/2022/03/fts_spanish_1200x675.png" />
	<meta property="og:image:width" content="1200" />
	<meta property="og:image:height" content="675" />
	<meta property="og:image:type" content="image/png" />
<meta name="twitter:card" content="summary_large_image" />
<meta name="twitter:site" content="@CatalystInc" />
<meta name="twitter:label1" content="Est. reading time" />
	<meta name="twitter:data1" content="1 minute" />
<script type="application/ld+json" class="yoast-schema-graph">{"@context":"https://schema.org","@graph":[{"@type":"WebPage","@id":"https://classic.catalyst.org/es/research/sensibilidad-cultural-lugares-trabajo-globales/","url":"https://classic.catalyst.org/es/research/sensibilidad-cultural-lugares-trabajo-globales/","name":"Sensibilidad Cultural en Lugares de Trabajo Globales: Cambio de libreto (Infografia)","isPartOf":{"@id":"https://classic.catalyst.org/es/#website"},"primaryImageOfPage":{"@id":"https://classic.catalyst.org/es/research/sensibilidad-cultural-lugares-trabajo-globales/#primaryimage"},"image":{"@id":"https://classic.catalyst.org/es/research/sensibilidad-cultural-lugares-trabajo-globales/#primaryimage"},"thumbnailUrl":"https://classic.catalyst.org/wp-content/uploads/2022/03/fts_spanish_1200x675.png","datePublished":"2021-05-26T16:07:01+00:00","dateModified":"2023-04-14T14:43:28+00:00","description":"Muchos de nosotros trabajamos con colegas de diferentes orígenes nacionales, étnicos, raciales y religiosos, especialmente a medida que las compañías y","breadcrumb":{"@id":"https://classic.catalyst.org/es/research/sensibilidad-cultural-lugares-trabajo-globales/#breadcrumb"},"inLanguage":"es-ES","potentialAction":[{"@type":"ReadAction","target":["https://classic.catalyst.org/es/research/sensibilidad-cultural-lugares-trabajo-globales/"]}]},{"@type":"ImageObject","inLanguage":"es-ES","@id":"https://classic.catalyst.org/es/research/sensibilidad-cultural-lugares-trabajo-globales/#primaryimage","url":"https://classic.catalyst.org/wp-content/uploads/2022/03/fts_spanish_1200x675.png","contentUrl":"https://classic.catalyst.org/wp-content/uploads/2022/03/fts_spanish_1200x675.png","width":1200,"height":675},{"@type":"BreadcrumbList","@id":"https://classic.catalyst.org/es/research/sensibilidad-cultural-lugares-trabajo-globales/#breadcrumb","itemListElement":[{"@type":"ListItem","position":1,"name":"Home","item":"https://classic.catalyst.org/es/"},{"@type":"ListItem","position":2,"name":"Research Elements","item":"https://classic.catalyst.org/es/research/"},{"@type":"ListItem","position":3,"name":"Sensibilidad Cultural en Lugares de Trabajo Globales: Cambio de libreto (Infografia)"}]},{"@type":"WebSite","@id":"https://classic.catalyst.org/es/#website","url":"https://classic.catalyst.org/es/","name":"Catalyst","description":"Catalyst, a global nonprofit organization, helps build workplaces that work for women with preeminent thought leadership and actionable solutions.","publisher":{"@id":"https://classic.catalyst.org/es/#organization"},"potentialAction":[{"@type":"SearchAction","target":{"@type":"EntryPoint","urlTemplate":"https://classic.catalyst.org/es/?s={search_term_string}"},"query-input":{"@type":"PropertyValueSpecification","valueRequired":true,"valueName":"search_term_string"}}],"inLanguage":"es-ES"},{"@type":"Organization","@id":"https://classic.catalyst.org/es/#organization","name":"Catalyst Inc.","alternateName":"Catalyst","url":"https://classic.catalyst.org/es/","logo":{"@type":"ImageObject","inLanguage":"es-ES","@id":"https://classic.catalyst.org/es/#/schema/logo/image/","url":"https://www.catalyst.org/wp-content/uploads/2019/03/Catalyst-Logo-1200x630.png","contentUrl":"https://www.catalyst.org/wp-content/uploads/2019/03/Catalyst-Logo-1200x630.png","width":1200,"height":630,"caption":"Catalyst Inc."},"image":{"@id":"https://classic.catalyst.org/es/#/schema/logo/image/"},"sameAs":["https://www.facebook.com/catalystinc/","https://x.com/CatalystInc","https://www.instagram.com/catalystinc/","https://www.linkedin.com/company/catalystinc/","https://www.youtube.com/user/CatalystClips","https://en.wikipedia.org/wiki/Catalyst_(nonprofit_organization)"],"description":"Catalyst is a global nonprofit supported by many of the world’s most powerful CEOs and leading companies to help build workplaces that work for women.","email":"info@catalyst.org","telephone":"212-514-7600","legalName":"Catalyst Inc.","foundingDate":"1962-01-01","numberOfEmployees":{"@type":"QuantitativeValue","minValue":"51","maxValue":"200"}}]}</script>
<!-- / Yoast SEO Premium plugin. -->

Muchos de nosotros trabajamos con colegas de diferentes orígenes nacionales, étnicos, raciales y religiosos, especialmente a medida que las compañías y
